et y be q(37). Calculate the greatest common divisor of 55 and y.
55
Let z be ((-66)/(-9) - 1)/(1/15). Let c(y) = -y + z - 33 - 2*y - y. Let k be c(11). What is the greatest common factor of 12 and k?
6
Let z(d) = 3*d**2 + 81*d + 244. Let t be z(-3). Calculate the highest common factor of t and 7588.
28
Suppose 2*t = t + 95. Let b be (158 - 4) + 3 + (-5 - 0). Suppose 54*m - 58*m + b = 0. Calculate the greatest common factor of m and t.
19
Suppose 2*k + 4*r - 32 = -0*k, -k + 4*r - 14 = 0. Let y = 81 - 84. Let q be ((-55)/15 - y) + (-141)/(-9). Calculate the highest common divisor of q and k.
3
Let q = -5640 - -14058. What is the greatest common factor of 46 and q?
46
Let p be (-6)/4 + 3 - 1517/(-82). Suppose 5*j - 305 = 595. What is the greatest common factor of p and j?
20
Let d(h) = h**3 - 6*h**2 - 8*h + 15. Let u be d(7). Suppose 2*r + u*r - 550 = 0. Let i = -50 + r. What is the highest common factor of i and 15?
5
Suppose -7040*w + 7063*w + 69 = 0. Suppose 6 = -3*c + 2*d + 69, -4*c = 4*d - 64. Let r be (-7 - -23)*(c/1 + w). What is the highest common factor of r and 16?
16
Suppose 71*m - 198406 = 23*m + 22*m. What is the greatest common divisor of m and 13?
13
Let v = 1407 - 1377. Suppose w - 1 = 0, 5*w - 12 = -2*r + 5. What is the highest common divisor of r and v?
6
Let p = -1528 - -2257. Suppose -h = 2*h - p. Calculate the greatest common factor of 9 and h.
9
Suppose 39 = 7*d - 171. Suppose -3*a - 18 = -d. Suppose 9*w - 120 = a*w. What is the highest common divisor of 60 and w?
12
Let v(q) = q**2 + 38*q + 26. Let r be v(-36). Let c = r + 142. Let k be (-1 + -8)*(-4)/6. What is the greatest common factor of k and c?
6
Suppose -3*o + 30*d - 28*d = -21, -4*d - 39 = -5*o. Suppose 2*s + 3 = 5*l, -l + 10 - 5 = 4*s. Calculate the highest common factor of o and l.
1
Let b = -234 + 542. Let o = -137 + b. What is the greatest common divisor of o and 38?
19
Suppose 5*s + w = 37674, -3*w + 14*w + 11 = 0. What is the highest common factor of 55 and s?
55
Let n = -223 + 471. Suppose -5*j - 10*r + n = -13*r, 0 = -r + 4. What is the highest common factor of 13 and j?
13
Let y(b) = 152*b - 2272. Let t be y(15). Suppose -6 = i + 2*i. Let j be 2*14/2 - i. What is the greatest common factor of t and j?
8
Let m(j) = -724*j + 346*j + 421*j + 11. Let u be m(7). Calculate the greatest common divisor of u and 36.
12
Suppose -45*j = -42*j - 450. Let i(t) = 3*t**2 - 43*t + 120. Let a be i(3). What is the greatest common factor of a and j?
6
Suppose -4*t + 412 = -3*t - l, 14*t - 5664 = l. What is the greatest common divisor of 41612 and t?
404
Let d(q) = q**3 + 5*q**2 + 14*q - 2. Let v be d(-8). Let j = -301 - v. Let r be 2/10 - (-199)/5. Calculate the highest common factor of j and r.
5
Let n = -60 + 216. Suppose 4*y - 330 = 5*k, -y = y + 2*k - n. Calculate the greatest common factor of y and 40.
40
Suppose 0 = v - 5*v + 3*a + 56, -20 = 5*a. Suppose 0 = -17*j + 6*j - v. Let d be (j/2)/(11/(-66)) + 25. What is the highest common divisor of 308 and d?
28
Let y be -5*(-18)/15 - 3. Suppose -y*x + 2142 = 5*d, -5*d - 164 = -3*x - 2312. Calculate the greatest common divisor of d and 33.
33
Let y be (-63)/5 - 14/35. Let x = y + 13. Suppose 5*t = 5*i + 565, 2*i - 206 = -x*t - 2*t. Calculate the greatest common factor of t and 12.
12
Let q be 2/7 - (-312)/84. Let d be 4 + q/(-14) + (-963)/(-63). Calculate the highest common factor of 361 and d.
19
Let a(d) = -22*d**3 - 3*d**2 + 4*d - 15. Let q be a(-6). What is the greatest common divisor of q and 30?
15
Let v = -1 + 1. Suppose -5*j - 3*r + 246 = 61, 3*j + 3*r - 105 = v. Let i = -38972 - -39072. What is the highest common divisor of i and j?
20
Let u be (-1)/(-4) + (-6)/(240/(-18790)). Suppose -u + 128 = -5*p - 3*w, 5*w + 46 = p. What is the highest common divisor of p and 18?
6
Let p(z) = 11*z**3 + 3*z**2 + 75*z - 521. Let o be p(6). What is the highest common factor of o and 323?
19
Suppose 0 = -5*q + 3*k + 69, 4*q - 15*k - 58 = -14*k. Suppose 45*f - 46*f + q = 0. Calculate the greatest common factor of 55 and f.
5
Suppose 4*v - 839 = -3*b, 5*v = -3*b + 1293 - 455. Let w = 381 - b. What is the highest common divisor of 30 and w?
10
Suppose 0 = -2784*z + 2769*z + 630. Let l = 145 + -33. Calculate the greatest common factor of l and z.
14
Let r(t) = t**2 - 20*t + 756. Let i be r(108). What is the greatest common factor of i and 18?
18
Suppose i = 7*i - 78. Suppose -599 = 5*y - 4*q, -2*y + 3*q - 241 = -0*y. Let o = 236 + y. What is the highest common divisor of i and o?
13
Suppose 43558 = -8*v + 10*v + b, 108906 = 5*v - 3*b. What is the greatest common factor of v and 45?
45
Suppose 38*q - 34*q = -4*z + 9648, -2*z = -7*q - 4851. Calculate the greatest common divisor of 230 and z.
115
Suppose -o + 1 = -114. Let z = -2078 - -2170. What is the greatest common divisor of o and z?
23
Let d be ((-3)/5)/((-336)/(-42) + (-481)/60). What is the greatest common factor of d and 1116?
36
Let o = 47 - 27. Let n = -139261 + 139296. What is the greatest common divisor of o and n?
5
Suppose -5994 = 1979*b - 1985*b. Calculate the greatest common divisor of b and 37.
37
Let s(h) = -23*h - 3. Let k be s(-3). Let a = 2534 - 2501. Calculate the greatest common divisor of k and a.
33
Let u be 66/(-99) - (9/12 - (-43073)/(-12)). What is the highest common factor of u and 96?
12
Let q(u) = -u**3 - 28*u**2 + 27*u - 60. Let i be q(-29). Let x be 57 - (-20)/(-10)*(-3)/i. Calculate the highest common divisor of x and 90.
18
Suppose -4*j - 1100 = -23*j - 31*j. What is the highest common divisor of j and 979?
11
Let l(v) = 12*v**3 - v**2 + 6*v + 14*v**3 - 23*v**3 - 2. Let b be l(4). What is the greatest common divisor of b and 22?
22
Let d(w) = -w**2 + w + 15. Let f be d(-3). Suppose 33*q - 15180 = f*q. What is the highest common divisor of 22 and q?
22
Let h be 3 - 5 - 128/(-7 - -3). Suppose -69*v + h = -67*v. Calculate the highest common divisor of 40 and v.
5
Let i(c) = -8*c - 96. Let l(x) = -x + 2. Let w(d) = -i(d) + l(d). Let g be w(-12). What is the highest common divisor of g and 42?
14
Let f = -5142 + 5156. Suppose 5*m - 91 = 84. Calculate the greatest common divisor of f and m.
7
Let q be ((-2)/(-6))/((-38)/(-42636)). Let t = q + -212. Calculate the greatest common factor of t and 36.
18
Suppose -125 = -21*x + 1. Suppose -7*z + 5*z + 2*h = -348, -h = 4*z - 696. Calculate the greatest common divisor of z and x.
6
Let w(b) be the third derivative of b**5/60 + 7*b**4/8 + 46*b**3/3 + 177*b**2. Let m be w(-15). What is the highest common factor of m and 9?
1
Suppose -z - 5*s + 1413 = 0, -3*s + 2742 = -4*z + 8463. Suppose 27*i = -564 + z. What is the greatest common factor of i and 152?
8
Suppose -29*r + 95040 = 51*r. Calculate the greatest common factor of r and 77.
11
Let t(p) = 13*p - 40. Let g = 96 - 89. Suppose 100 = -g*h + 17*h. Let d be t(h). What is the greatest common divisor of 60 and d?
30
Suppose -2*v + 56 = 5*l + 2*v, 4*l - 44 = -4*v. Let q be 1 + 12/(-30) + (-39)/65. Suppose q = l*w - 4*w - 336. What is the highest common divisor of w and 462?
42
Let o be (414/(-21))/((-3)/77). Calculate the greatest common factor of 44 and o.
22
Suppose y = j + 4663 - 38680, -j + 3*y + 34001 = 0. What is the highest common factor of j and 25?
25
Let x be ((-3)/((-18)/(-24)) + 362)*20. What is the highest common divisor of 40 and x?
40
Suppose 0 = t - 6*t + 125. Let j be (0 + (-1)/(-1))/((-3)/(-156)). Let r = j - t. Calculate the highest common divisor of 81 and r.
27
Suppose 104 = 2*m - 5*u, -4*u + u + 30 = m. Let n(x) = -459*x + 2307. Let v be n(5). What is the greatest common factor of v and m?
6
Let r = 149 - 148. Let c be (r/((-3)/(-9)))/(16/48). What is the greatest common factor of 45 and c?
9
Suppose 14490 - 6578 = 28*q - 6788. What is the greatest common factor of 300 and q?
75
Suppose j + 3*p - 8 = -7, -4*j - 10 = -2*p. Suppose 4*y = 7 + 1. Let b be 15/y - 0 - 1/j. Calculate the greatest common divisor of 8 and b.
8
Suppose 17*y = 8405 + 7235. What is the highest common factor of y and 552?
184
Let n = -7630 + 7672. Calculate the highest common factor of n and 960.
6
Let q be 3/3*(-42)/(-7). Let x(y) = 2*y**3 - 7*y**2 - 11*y - 2. Let v be x(q). Calculate the highest common divisor of 28 and v.
28
Let o be 26 - ((-4)/(-2) + -1). Suppose 4*v